 a**3/2 + 31*a**2. What is z(5)?
-13
Let z(k) = -k**3 + 4*k**2 + 7*k - 7. Let u be (-10)/(-6) + 10/(-15). Let t(q) = -q**2 - 4*q + 1. Let j be t(-5). Let r = u - j. Calculate z(r).
3
Let m(a) be the third derivative of -a**6/120 - a**5/30 + a**4/24 + a**3/3 + 7*a**2. Calculate m(-3).
8
Let l(w) = w**3 + 2*w**2 + 2*w. Let q(d) = -d**3 + 5*d**2 + 6*d + 2. Let a be q(6). Suppose 0*r = -a*r - 10. Let g = 3 + r. Calculate l(g).
-4
Let d(r) = r**3 + 4*r**2 - 3*r + 1. Let a be 2/(-23) + (-1356)/276. What is d(a)?
-9
Let m(a) = a + 3. Suppose b + 1 = 4*t - 4, -5*b + 38 = t. Let y = -7 + b. What is m(y)?
3
Let p(h) = h**3 - h**2 - h - 8. Let u be 15/(-10) - (-6)/(-4). Let a = u - -3. What is p(a)?
-8
Let d(w) = 5*w + 58 + w - w**2 - 51. Give d(5).
12
Let w(o) = o**2 - 10*o + 12. Let k be w(8). Let f(g) = -g**3 - 5*g**2 - 2*g + 1. What is f(k)?
-7
Let l(x) = 4*x**2 + 4*x - 4. Let c(o) = 4*o - 5 + 1 + 3*o**2 - 3 + 2. Let r(q) = 3*c(q) - 2*l(q). Give r(-5).
-2
Let w = 9 - 12. Let v = w + 3. Let b(n) = n + 1. Calculate b(v).
1
Suppose 3*p = 2*u - 3*u - 12, 0 = 3*p - u + 6. Let k be p - (0 - (0 - -2)). Let o(s) = -4*s**3 - 4*s**3 - 10 + 11 - 2*s**2. Determine o(k).
7
Let g(c) = -c**3 + 3*c**2 + c + 3. Let x = 6 + -2. Let m = x - 0. Calculate g(m).
-9
Let p(u) be the third derivative of -u**4/24 - u**3/3 + 12*u**2. Determine p(6).
-8
Let f = 1 - -2. Let y be -2 - (-2 + f + 0). Let v(d) = -5*d - 3. Give v(y).
12
Let t(g) = -1 + 3*g**2 - 5*g + 0*g**2 - 4*g**3 + 5*g**3. Suppose -20 = -4*m + 4*z, 0*z - 5 = 5*m + 5*z. Let j = m + -6. What is t(j)?
3
Let x(s) = 2*s**2 - 11 + s + 16 - s**2. Calculate x(0).
5
Let w(v) = 7*v**2 - v + 11. Let g(f) = -4*f**2 - 6. Let n(d) = 5*g(d) + 3*w(d). Suppose 2*q + s - 1 = 0, s - 15 = 6*s. Determine n(q).
1
Let b(h) = h**3 - 6*h**2 + 2*h + 4. Let q(w) = -3*w**3 + 17*w**2 - 5*w - 12. Let i(z) = -8*b(z) - 3*q(z). Determine i(3).
1
Let m(d) be the third derivative of d**7/840 + d**6/72 + d**5/30 + d**4/12 - d**3/3 + 4*d**2. Let j(r) be the first derivative of m(r). Give j(-3).
8
Suppose 0 = r - 2*r + 3. Let g(u) = u + 0 + 0*u**3 - 4 + 3*u**2 - u**3. Calculate g(r).
-1
Let r(v) = -v**2 - v - 1. Let s(b) = -5*b**2 - 8*b - 7. Let c(l) = 3*r(l) - s(l). Let a be 2 - (-2 + (-3)/(-1)). Let z be a/(-1)*6/2. Calculate c(z).
7
Suppose 4*j = 7 + 17. Let w(b) = -2*b**3 + 12*b**2 - 1. Let u(c) = c**3 - 6*c**2 + 1. Let t(q) = 7*u(q) + 4*w(q). Determine t(j).
3
Let v(h) = -7*h + 0*h + 6 + 5*h. Give v(6).
-6
Let i(g) = g**3 + 4*g**2 + 3*g. Suppose 0*v - 11 = -5*v - 3*a, -5*v - 2*a = -9. Suppose -l - v = 2. What is i(l)?
0
Let k(d) = -7*d**3 - 8*d**2 - 7*d - 8. Let g(c) = 3*c**3 + 4*c**2 + 4*c + 4. Let v(l) = -5*g(l) - 2*k(l). Determine v(-4).
20
Let q(w) = w**2 - 3*w - 1. Let m(v) = -v**2 - 3*v + 2. Let x(i) = -i + 13. Let z be x(11). Suppose 8 = -4*a + z*a. Let y be m(a). Give q(y).
9
Let o(s) = s - 5. Let w(k) = -k + 8. Let f(a) = -5*o(a) - 3*w(a). Let c be 3*(-2 + (-4)/(-3)). Give f(c).
5
Let z(p) = p**2 - 7*p - 8. Let c be z(8). Let n(r) = r + 5. Give n(c).
5
Let h = 124 - 123. Let p(k) be the third derivative of -k**6/24 + k**5/60 - k**3/6 - k**2. Calculate p(h).
-5
Let m = 16 + -11. Let x(h) = 2*h. Determine x(m).
10
Suppose -2*d + 24 = z, 4*z + 3*d + 2*d = 102. Suppose -4*f = -3*v - z, v - 3*f + 7 = -9. Let r(h) = -h**2 - h + 5. What is r(v)?
-7
Let j(u) = u**3 + 2*u**2 + 2. Let p be j(-2). Let b(g) = 1 - g + 0 + p*g. Give b(-2).
-1
Suppose 2*q - 5*z = -20, -3*q + 2*z = 5*z - 12. Let t be 4 - ((0 - -3) + -1). Let m(x) = x + q - x**2 - 2*x**3 + t + 0 - 3. Give m(-2).
9
Let g(q) = q**2 - 5*q + 2. Let f be g(5). Let a(d) = -4 - 5*d - d - d**2 - f. Suppose 27 - 3 = -4*z. Determine a(z).
-6
Suppose -5*t = 5*s + 65, 36 = -2*t - 0*t - 4*s. Let q(d) = -d**3 - 9*d**2 - 9*d - 12. Determine q(t).
-4
Let u(i) be the second derivative of i**3/6 + 3*i**2/2 - 2*i. Let s(b) = b**3 + 7*b**2 + 5*b - 1. Let k be s(-6). Calculate u(k).
8
Suppose 13*g - 110 = -32. Let d(i) = i**3 - 5*i**2 - 8*i + 2. Calculate d(g).
-10
Suppose 4*l = -l - 15. Let h(g) = -5*g**2 + 4*g**2 + 3*g + 2*g**2 - 3 + 7. Give h(l).
4
Let t(n) = n**3 - 7*n**2 + 3*n + 3. Let k = -11 - -8. Let y = k - -9. Give t(y).
-15
Let g(s) = 7*s + 1. Let m be (4 + 0)*(-1)/2. Calculate g(m).
-13
Let k(t) = 2 - 4*t - 4*t + 165*t**2 + t - 166*t**2. Calculate k(-6).
8
Let h(m) = -2 - 6*m**2 + 7*m**2 + 2. Give h(1).
1
Let x(n) = -n + n - n + 0. Let p be 28/6 - (-6)/(-9). Let z(w) = -5*w + 10. Let d(i) = p*x(i) - z(i). Give d(0).
-10
Suppose -5*y = -11 - 9. Suppose 0 = -y*d + f - 4 + 9, -4*d + 5*f = 7. Let h(p) = 2*p**3 - p**3 + 6 + 0*p**3 + 7*p + 5*p**d. Determine h(-4).
-6
Let f(p) = -4*p - 1. Suppose i - 2*c + 5*c - 6 = 0, 4*i = -4*c + 8. Suppose w - 4*w - 3 = i. What is f(w)?
3
Let n(z) be the third derivative of z**6/120 + z**5/20 - z**4/12 + z**3/6 + 2*z**2. Suppose 2*d - 4*q = 7*d + 16, 0 = -3*d - 3*q - 9. Calculate n(d).
-7
Let i be 22/5 - 3/(-5). Suppose 4 - 15 = -i*k - x, 4*k = -2*x + 10. Let o(c) = -4*c**3 + 6*c**k + 3*c + 3*c**3 + 2*c**3. Give o(-5).
10
Let x(c) = 1. Let k(i) = -6*i**3 + 6*i - 9. Let a(s) = 7*s**3 - s**2 - 7*s + 10. Let h(r) = -5*a(r) - 6*k(r). Let g(b) = -h(b) + 4*x(b). Determine g(-5).
-5
Let s(q) = 68*q - 32*q - 2 - 35*q. Calculate s(4).
2
Let z(v) = -31 - v + 7 + 10 + 9. Calculate z(-5).
0
Let v(r) = -3*r + 1. Let l be -2 - (3 + (-2)/2). Give v(l).
13
Let v(j) = -4*j - 1. Let w(g) = 3*g + 3. Let a(s) = -2*v(s) - 3*w(s). Calculate a(-6).
-1
Let c(p) be the second derivative of -p**6/240 + p**5/60 + p**4/4 + 2*p. Let s(b) be the third derivative of c(b). Give s(3).
-7
Let x(t) = 2*t**2 - 3*t + 2. Let b = -2 + 2. Let y be b - -2 - (3 + -3). Determine x(y).
4
Let x = 27 - 21. Suppose -x*z = -z + 15. Let h(f) = -f**3 - 3*f**2 + f - 1. Calculate h(z).
-4
Suppose -11*n = -4*n - 14. Let j(w) = -3*w + 2. Let v be 4*2*1/(-2). Let m(f) = 3*f - 3. Let l(s) = v*j(s) - 3*m(s). What is l(n)?
7
Let n(x) = 2*x + 3. Let m be ((-2)/(-6))/(3/(-36)). Calculate n(m).
-5
Let k(b) = 0 - b + 3*b + 1 + 2. Determine k(-2).
-1
Let o = -325 - -329. Let r(s) be the second derivative of -s**3/6 + 3*s**2/2 + s. Give r(o).
-1
Let h(y) = y - 1. Suppose 15 = 2*i - 3. Suppose 6 = -p + i. Suppose p*u - 3*m = -15, u - 2*u - 10 = -2*m. Calculate h(u).
-1
Let k = 34 + -13. Suppose -j = -2*c - c + 16, -4*c = -j - k. Let s(x) = -6*x**2 - x. What is s(j)?
-5
Let g(c) be the first derivative of 7 + 4/3*c**3 + c**2 - 2*c + 3/4*c**4. What is g(-2)?
-14
Let x(l) = -l**3 + 5*l**2 - l + 3. Let g be x(3). Suppose 6 = 3*j + g. Let a(n) = 0*n**2 - 4*n**2 - 3*n + 3 + 2*n - n**3. Determine a(j).
7
Let q(k) = 7*k**2 - 7*k + 1. Let w(g) = -3*g**2 + 3*g. Let r = 8 + -3. Let y(f) = r*w(f) + 2*q(f). Suppose -z = -0*z + 2. Calculate y(z).
-4
Suppose 0 = -5*m - 17 + 52. Let x(j) = j**3 - 7*j**2 - 2*j + 8. What is x(m)?
-6
Let z(d) = -5*d**3 + 10*d**2 - 6. Let y(b) = 2*b**3 - 5*b**2 + 3. Let f(r) = -7*y(r) - 3*z(r). Give f(-5).
-3
Let o(s) = -s. Let z(m) = m. Let t(b) = 2*o(b) + 3*z(b). Calculate t(3).
3
Let q(w) be the first derivative of w**2/2 + 17*w + 40. Determine q(0).
17
Let n be (-5)/(2/(-1) + 1). Let h(d) = d**2 - 2*d - 4. Give h(n).
11
Let h(o) = -2*o**3 + 2*o**2 + 2*o - 2. Let a(k) be the third derivative of k**5/60 - k**4/4 + 7*k**3/6 + 4*k**2. Let t be a(5). What is h(t)?
-6
Let b(h) be the second derivative of h**3/6 + h**2/2 - h. Let x be b(2). Let v(o) = -3*o + 0*o + 3 + 0*o. Calculate v(x).
-6
Let v(q) = q**3 - 3*q**2 - 5*q + 3. Let b(m) = m - 7. Let i be b(11). Give v(i).
-1
Let r(n) = -n**2 + 7*n. Let v be r(6). Suppose v - 2 = 2*t. Let b be -1 + (0 - t - 2). Let c(s) = -s**3 - 5*s**2 - s - 1. Calculate c(b).
4
Let u(s) = -13*s. Let t be ((-3)/6)/((-5)/10). Calculate u(t).
-13
Let z(w) be the third derivative of -w**6/120 - w**4/12 - w**3/3 - 2*w**2. Suppose 20*o = 21*o + 2. Give z(o).
10
Let l(k) = -2*k**3 + 21*k**2 + 11*k - 21. Let p(o) = o**3 - 10*o**2 - 5*o + 10. Let m(z) = -6*l(z) - 13*p(z). Calculate m(4).
-8
Let w(p) = p**2 - p + 4. Suppose -6 - 19 = 5*m + 2*q, 0 = -m + 3*q + 12. Calculate w(m).
16
Let g(i) be the third derivative of i**6/120 + i**5/12 + 5*i**4/24 + 5*i**3/6 - 4*i**2. Determine g(-4).
1
Let l(q) = q**2 - 4*q + 4. Let n be l(4). Let y(d) = -d**2 + 9*d + 2. Let w be y(9). Let v(z) = 9 + z**w -